*c - 13. Give f(-6).
-223
Let x(c) = -26*c - 2914. What is x(-121)?
232
Let a(i) = 2*i**3 + 5*i**2 - 2*i + 15. Give a(-4).
-25
Let d(b) = 412*b - 16. Give d(-1).
-428
Let n(f) = -f**3 - 45*f**2 - 331*f - 53. Determine n(-36).
199
Let o(q) = 2*q + 4. What is o(4)?
12
Let f(k) = 22*k**3 + 3*k**2 + 8*k + 4. Calculate f(-1).
-23
Let q(n) = 33*n**2 + 1620*n + 114. Calculate q(-49).
-33
Let w(t) = -33*t**2 + 147*t - 12. Determine w(4).
48
Let l(z) = 409*z - 1761. Determine l(4).
-125
Let p(j) = 21*j - 786. Calculate p(37).
-9
Let g(o) = 66*o**2 - 712*o + 519. Determine g(10).
-1
Let g(f) = f**3 + 15*f**2 + 41*f + 238. Give g(-13).
43
Let q(a) = 47*a - 1693. Give q(36).
-1
Let r(c) = -171*c - 3233. Determine r(-19).
16
Let h(q) = -67*q - 536. Calculate h(-8).
0
Let h(b) = 133*b**2 + 22*b + 6. Give h(-1).
117
Let v(z) = -z**3 - 51*z**2 - 54*z - 195. Give v(-50).
5
Let s(x) = 2627*x + 13135. Calculate s(-5).
0
Let r(p) = 2*p**3 + 32*p**2 + 21*p + 3. What is r(-15)?
138
Let i(l) = -l**3 - 7*l**2 - 5*l - 3. Determine i(-9).
204
Let f(g) = -2*g**2 + 747*g - 5135. Give f(7).
-4
Let k(g) = g**3 - 12*g**2 + 8*g - 5. What is k(10)?
-125
Let p(b) = 6*b**3 - 8*b**2 - 28*b + 115. Calculate p(4).
259
Let u(v) = -v**3 - 25*v**2 - 61*v + 36. Calculate u(-22).
-74
Let t(q) = q**3 + 15*q**2 + 14*q - 225. Calculate t(-13).
-69
Let c(r) = -95*r + 143. Determine c(0).
143
Let k(g) = -g**3 - 11*g**2 - 22*g - 118. What is k(-10)?
2
Let y(b) = 6*b**3 + 7*b - 1. Determine y(2).
61
Let q(m) = -5*m + 27. Calculate q(-19).
122
Let l(s) = -3*s + 10. What is l(-9)?
37
Let v(b) = 2*b**3 + 6*b**2 + 9*b + 8. Give v(-3).
-19
Let f(y) = 348*y**2 + 13*y + 15. Give f(-1).
350
Let t(a) = -5*a + 105. Calculate t(8).
65
Let z(n) = 2*n**2 + 202*n - 2477. Determine z(11).
-13
Let m(f) = f**3 + 20*f**2 + 18*f - 45. Give m(-19).
-26
Let f(u) = -u**2 - 9*u + 57. What is f(-15)?
-33
Let k(w) = -8*w**3 + 40*w**2 + 42*w - 186. What is k(5)?
24
Let k(g) = g**3 + 8*g**2 - 49*g - 24. Give k(6).
186
Let c(p) = -2*p**2 - 80*p - 257. Give c(-36).
31
Let t(r) = 2*r**3 - 58*r**2 - 190*r - 18. Determine t(32).
46
Let s(d) = -2*d**3 + 17*d**2 - 11*d + 46. Determine s(8).
22
Let f(g) = 11*g - 88. What is f(10)?
22
Let u(y) = 8*y**3 - 288*y**2 - y - 63. Calculate u(36).
-99
Let m(r) = -r**3 - 8*r**2 + 32*r + 244. Calculate m(-8).
-12
Let v(c) = -c**2 - 139*c + 906. What is v(6)?
36
Let b(c) = c**2 - 38*c + 362. Give b(17).
5
Let l(w) = -9*w**2 + 142*w + 564. Determine l(-4).
-148
Let g(u) = -18*u**3 - 2*u**2 + u + 1. Give g(2).
-149
Let r(m) = -4*m**2 + 4*m + 1. Calculate r(4).
-47
Let x(u) = 7*u**2 - 100*u - 86. Give x(15).
-11
Let b(f) = -69*f**2 + 1451*f - 18. Give b(21).
24
Let v(i) = -117*i**2 + 584*i - 1. What is v(5)?
-6
Let x(q) = -q**3 + 28*q**2 - 23*q - 460. What is x(27)?
-352
Let f(w) = 272*w + 1119. Calculate f(-4).
31
Let f(q) = 6*q**2 + 220*q - 436. Give f(2).
28
Let o(u) = u**2 + 91*u + 1848. Determine o(-31).
-12
Let o(h) = -19*h**2 + 132*h - 137. What is o(6)?
-29
Let v(l) = -2*l**2 + 453. Determine v(-15).
3
Let a(p) = -17*p - 260. Calculate a(-12).
-56
Let q(d) = 125*d + 27372. Calculate q(-219).
-3
Let x(w) = 68*w + 2249. Determine x(-33).
5
Let h(l) = -19*l + 3749. What is h(198)?
-13
Let w(u) = -32*u + 304. Determine w(9).
16
Let y(j) = -28*j**2 - 933*j - 292. Calculate y(-33).
5
Let q(l) = 32*l + 474. Determine q(-14).
26
Let a(b) = 2*b**3 - 5*b**2 + 11*b - 37. What is a(5)?
143
Let g(w) = 11*w**2 + 237*w + 1029. What is g(-6)?
3
Let z(h) = -5*h**2 - 19*h + 14. Determine z(1).
-10
Let o(d) = -56*d**2 - 51*d - 44. What is o(-1)?
-49
Let h(b) = 4*b**3 - 302*b**2 - 175*b + 1731. Determine h(76).
-17
Let o(z) = -z**3 - 4*z**2 + 58*z + 107. What is o(-7)?
-152
Let i(u) = -960*u + 9599. What is i(10)?
-1
Let i(d) = -d**2 - 27*d + 112. Calculate i(5).
-48
Let d(s) = -s**3 - 89*s**2 + 96*s + 639. Give d(-90).
99
Let h(d) = -92*d - 7817. Determine h(-85).
3
Let p(s) = 1188*s + 1182. Determine p(-1).
-6
Let d(x) = 2*x**2 + 39*x + 5. Determine d(-7).
-170
Let r(t) = -t**2 + 20*t - 63. What is r(4)?
1
Let v(g) = 254*g + 2473. Determine v(-10).
-67
Let l(c) = c**3 - 9*c**2 - 2*c + 64. What is l(8)?
-16
Let p(t) = 123*t + 1066. What is p(-13)?
-533
Let m(x) = -12*x - 319. What is m(-13)?
-163
Let f(h) = 3*h**2 + 9*h + 26. What is f(-2)?
20
Let c(x) = 12*x - 146. Give c(24).
142
Let u(m) = 521*m + 4174. Calculate u(-8).
6
Let b(h) = -2*h**2 - 548*h - 13765. Give b(-246).
11
Let b(z) = 2*z + 116. Calculate b(27).
170
Let i(u) = -36*u**2 - 2092*u - 231. What is i(-58)?
1
Let x(d) = 8*d**3 - 3*d**2 + 18*d - 13. Calculate x(1).
10
Let o(q) = q**3 - 53*q**2 - 111*q + 47. Calculate o(55).
-8
Let z(y) = -2*y**3 + 25*y**2 - 10*y - 26. Determine z(12).
-2
Let f(l) = -l**3 + 2*l**2 + 33*l + 12. Give f(-5).
22
Let i(f) = -63*f**3 + 2*f**2 - 2*f + 2. Give i(1).
-61
Let m(h) = 2*h + 57. What is m(10)?
77
Let k(g) = 2*g**3 + 52*g**2 - 309*g + 23. Determine k(-31).
-8
Let h(v) = -v**3 + 19*v**2 - 69*v + 72. Determine h(3).
9
Let f(h) = 126*h - 6436. Determine f(51).
-10
Let f(l) = -9*l**3 - 4*l**2 + 4*l + 28. What is f(-3)?
223
Let q(b) = 22*b - 586. Determine q(24).
-58
Let g(d) = -2*d**3 + 118*d**2 - 45*d + 2657. Determine g(59).
2
Let a(w) = -w**2 - 450*w - 2. Give a(0).
-2
Let h(y) = -58*y**2 + 271*y + 93. Give h(5).
-2
Let z(s) = -18*s**2 - 722*s - 25. Calculate z(-40).
55
Let t(q) = q**2 + 203*q + 8748. Determine t(-63).
-72
Let z(o) = 25*o**2 + 1000*o - 56. What is z(-40)?
-56
Let x(h) = -9*h + 422. Give x(28).
170
Let q(w) = -8*w**2 + 76*w + 623. Give q(15).
-37
Let o(t) = 883*t + 4089. Give o(-5).
-326
Let h(v) = -5*v**3 - 63*v**2 + 46*v + 263. Calculate h(-13).
3
Let n(j) = j**3 + 15*j**2 + 15*j - 196. Determine n(-12).
56
Let y(a) = 8*a**2 - 57*a + 109. Give y(2).
27
Let a(p) = 3*p**3 + 27*p**2 - 20*p - 212. What is a(-9)?
-32
Let l(t) = t**2 - 678*t + 4697. Determine l(7).
0
Let h(v) = v**3 - 12*v**2 - 24*v + 112. Determine h(13).
-31
Let r(t) = t**3 - 4*t**2 + 36*t + 136. Calculate r(-6).
-440
Let h(t) = -4952*t + 4936. Calculate h(1).
-16
Let p(y) = 1383*y + 5569. What is p(-4)?
37
Let q(p) = 3*p**3 - 37*p**2 + 79*p + 22. Determine q(3).
7
Let y(b) = 2*b**3 - 15*b**2 - 68*b + 536. Determine y(7).
11
Let p(x) = 74*x**2 - 7*x + 1. What is p(-1)?
82
Let q(w) = 2*w**3 + 28*w**2 - 29*w + 14. What is q(-15)?
-1
Let j(k) = 91*k + 1731. Give j(-19).
2
Let u(i) = i**3 + 9*i**2 - 23*i + 100. What is u(-11)?
111
Let z(h) = -h**3 + 22*h**2 + 255*h - 12. Determine z(30).
438
Let l(d) = 1419*d - 9921. Give l(7).
12
Let v(l) = 42*l + 602. Determine v(-19).
-196
Let j(v) = v**2 - 15*v + 66. Give j(9).
12
Let h(b) = 4*b**2 - 36*b - 8. Give h(19).
752
Let w(h) = -33*h - 448. Determine w(-13).
-19
Let m(b) = -b**2 + 17*b + 302. What is m(29)?
-46
Let o(c) = -c**2 + 58*c - 783. What is o(34)?
33
Let x(k) = 56*k + 76. Give x(7).
468
Let u(i) = i**3 - 22*i**2 + 7*i + 4. Calculate u(22).
158
Let p(a) = 2*a**2 - 101*a - 680. Give p(-6).
-2
Let k(b) = b**3 - 84*b**2 + 238*b + 445. Calculate k(81).
40
Let l(k) = -k**2 - 14*k - 16. What is l(-14)?
-16
Let b(t) = 2*t**3 - 7*t**2 - 525*t + 2980. Give b(6).
10
Let b(a) = 1933*a - 1930. What is b(1)?
3
Let q(a) = -13*a + 6. Give q(-1).
19
Let s(v) = -316*v**3 - 1263*v**2 + 5*v + 1. Determine s(-4).
-3
Let h(t) = -4371*t - 91816. What is h(-21)?
-25
Let o(d) = 803*d - 6393. What is o(8)?
31
Let h(v) = -v**3 + 1432*v**2 + 4306*v + 4. Give h(-3).
1
Let b(v) = -v**3 + 11*v**2 + 8*v - 50. Calculate b(12).
-98
Let r(x) = x**2 + 189*x + 959. Calculate r(-5).
39
Let n(i) = 457*i + 1378. Determine n(-3).
7
Let c(j) = -22*j + 266. Determine c(10).
46
Let c(v) = -114*v + 155. Give c(3).
-187
Let l(c) = -144*c + 285. What is l(2)?
-3
Let r(c) = 625*c - 24339. Determine r(39).
36
Let v(s) = -s**2 + 17*s - 14. Calculate v(9).
58
Let h(x) = -x**2 - 370*x - 7000. Give h(-20).
0
Let t(b) = b**3 - b**2 - 7*b - 46. Give t(-6).
-256
Let a(y) = 38*y**2 - 8*y - 10. Calculate a(-2).
158
Let l(f) = f**3 + f**2 + 351*f + 11. Give l(0).
11
Let r(y) = -y**2 + 2377*y + 19059. Give r(-8).
-21
Let g(q) = q**2 + 52*q + 667. Calculate g(-27).
-8
Let g(u) = -149*u + 9378. What is g(63)?
-9
Let m(l) = 21*l**2 - 2667*l - 4. Calculate m(127).
-4
Let h(r) = -r**2 + 24*r + 2565. Calculate h(-40).
5
Let z(a) = -a*